{"id":21914,"date":"2020-07-02T15:20:29","date_gmt":"2020-07-02T15:20:29","guid":{"rendered":"https:\/\/es.cam4.com\/blog\/?page_id=21914"},"modified":"2020-07-13T16:12:54","modified_gmt":"2020-07-13T16:12:54","slug":"sube-tus-fotos-soft-gana-premios-diarios-concurso-sfw-cam4","status":"publish","type":"page","link":"https:\/\/es.cam4.com\/blog\/sube-tus-fotos-soft-gana-premios-diarios-concurso-sfw-cam4\/","title":{"rendered":"Sube tus fotos soft &#038; Gana premios diarios! (6 &#8211; 12 Julio)"},"content":{"rendered":"<p style=\"text-align: center;\"><img loading=\"lazy\" class=\"aligncenter size-full wp-image-43217\" src=\"https:\/\/performers.cam4.com\/wp-content\/uploads\/ES_SFW-Photo-Contest_635x315_female.jpg\" alt=\"\" width=\"635\" height=\"315\" \/><\/p>\n<p style=\"text-align: center;\">&#8211; Concurso finalizado &#8211;<\/p>\n<p style=\"text-align: center;\"><a href=\"https:\/\/es.cam4.com\/blog\/cam4sfw-las-fotos-mas-sensuales-de-ls-modelos-cam4\/\">Mira aqu\u00ed la galer\u00eda de fotos ganadoras<\/a><\/p>\n<p style=\"text-align: center;\"><strong>FOTO GANADORA:<\/strong><\/p>\n<p style=\"text-align: center;\"><strong>Giabaker<\/strong><\/p>\n<p style=\"text-align: center;\"><strong>GANADORES DIARIOS:<\/strong><\/p>\n<p style=\"text-align: center;\"><strong>Ariannaerza<\/strong><br \/>\n<strong>Miilly_w33k<\/strong><br \/>\n<strong>Natalyfitt<\/strong><br \/>\n<strong>Giabaker<\/strong><br \/>\n<strong>Spanishstar<\/strong><br \/>\n<strong>little_mia<\/strong><br \/>\n<strong>monikha<\/strong><br \/>\n<strong>Noahthomp<\/strong><br \/>\n<strong>mary420m<\/strong><br \/>\n<strong>Chicaliente<\/strong><br \/>\n<strong>Thomasmartin<\/strong><br \/>\n<strong>meganxx1<\/strong><br \/>\n<strong>fanny_dav<\/strong><br \/>\n<strong>Sweet_barbiehot<\/strong><br \/>\n<strong>poseydulce<\/strong><br \/>\n<strong>selene_0<\/strong><br \/>\n<strong>beatsex<\/strong><br \/>\n<strong>carla_brook<\/strong><br \/>\n<strong>parejayinyang<\/strong><br \/>\n<strong>Arianithaxox<\/strong><br \/>\n<strong>Jesusgay84<\/strong><\/p>\n<p style=\"text-align: center;\"><strong>Del lunes 6 al domingo 12 de Julio en<\/strong> CAM4 te espera un nuevo concurso dedicado a las <strong>fotos soft (SFW &#8211; <em>Safe for Work) <\/em><\/strong>con premios diarios<strong>!<\/strong><\/p>\n<p style=\"text-align: center;\">Para participar, sube una nueva foto sexy y soft (sin mostrar genitales o sexo real o simulado) en la nueva galer\u00eda SFW de tu perfil <strong>CAM4<\/strong> y comp\u00e1rtela en Twitter o por email a cam4_esp@cam4.com<br \/>\n<em> (lee debajo las reglas completas)*<\/em><\/p>\n<h2 style=\"text-align: center;\"><strong><span style=\"color: #ff00ff;\">PREMIOS CAM4 Espa\u00f1a \/ Am\u00e9rica Latina<\/span><br \/>\n<\/strong><\/h2>\n<p style=\"text-align: center;\"><strong>3 premios diarios + un premio final CAM4!<\/strong><\/p>\n<p style=\"text-align: center;\"><span style=\"color: #ff00ff;\"><strong>3 PREMIOS AL DIA (150 Tokens)<\/strong><\/span><br \/>\nCada dia, CAM4 elegir\u00e1 3 fotos de entre todas las nuevas fotos SFW cargadas y les dar\u00e1 <strong>un premio de 150 tokens<\/strong>!<br \/>\n*Cada modelo solo podr\u00e1 ganar una vez <em><br \/>\n<\/em><span style=\"color: #000000;\"><strong>+<\/strong><\/span><em><br \/>\n<\/em><\/p>\n<p style=\"text-align: center;\"><span style=\"color: #ff00ff;\"><strong>PREMIO CAM4 ESPA\u00d1A\/LATAM Final (500 Tokens)<\/strong><\/span><br \/>\nAl final del concurso, elegiremos un ganador entre las fotos diarias ganadoras y se asignar\u00e1 un <strong>premio de 50$<\/strong>!<\/p>\n<p style=\"text-align: center;\"><img loading=\"lazy\" class=\"aligncenter size-full wp-image-43209\" src=\"https:\/\/performers.cam4.com\/wp-content\/uploads\/sfw-index.jpg\" alt=\"\" width=\"1980\" height=\"250\" \/><\/p>\n<h2 style=\"text-align: center;\"><span style=\"color: #ff00ff;\"><strong>COMO PARTICIPAR<\/strong><\/span><\/h2>\n<ul>\n<li>\n<p data-renderer-start-pos=\"472\"><strong>Entre el 6 y 12 de Julio, sube al menos une nueva foto SFW a la nueva galer\u00eda SFW de tu perfil para participar en la elecci\u00f3n del premio diario.<br \/>\n<\/strong><\/p>\n<p>La foto soft (SFW) para poder ser considerada deber\u00e1:<\/p>\n<p>&#8211; <strong>NO contener genitales en la imagen:<\/strong> NO puede mostrar la vagina, ni el pene, ni los test\u00edculos.<br \/>\n(SI puede mostrar los pechos, incluso los pezones)<\/p>\n<p><em> &#8211; <strong>NO contener sexo<\/strong> (real o simulado).<br \/>\n<\/em><br \/>\n&#8211; Ser una foto nueva y en buena resoluci\u00f3n<br \/>\n&#8211; Ser propiedad de el\/la modelo y no aparecer otras personas en la foto<\/li>\n<li>\n<p data-renderer-start-pos=\"534\"><strong>Comparte tu foto SFW del dia en Twitter o a trav\u00e9s de email:<br \/>\n&#8211; TWITTER: comparte la foto insertando el hashtag <span style=\"color: #ff00ff;\">#Cam4SFW<\/span> y el enlace a tu perfil.<br \/>\n&#8211; EMAIL: si no tienes Twitter puedes enviar un email a <span style=\"color: #ff00ff;\">cam4_esp@cam4.com <\/span>con asunto Concurso SFW y el enlace a tu perfil Cam4 (tama\u00f1o m\u00e1ximo de archivo 10MB)<\/strong><\/p>\n<\/li>\n<\/ul>\n<p><img loading=\"lazy\" class=\"aligncenter size-full wp-image-43218\" src=\"https:\/\/performers.cam4.com\/wp-content\/uploads\/ES_SFW-Photo-Contest_635x315_male.jpg\" alt=\"\" width=\"635\" height=\"315\" \/><\/p>\n<p style=\"text-align: center;\">\n<p><span style=\"color: #ff00ff;\"><strong>Como subir tu foto soft (SFW)<\/strong><\/span><br \/>\nVe a las optiones de tu perfil y haz clic en Galer\u00edas, y aqu\u00ed selecciona la <em> <strong>Galeria SFW para subir tus fotos soft.<\/strong><\/em><\/p>\n<p><a href=\"https:\/\/www.cam4.com\/training\/promociona-tus-shows\/gana-espectadores-con-imagenes-sfw-aptas-para-el-trabajo\">Lee nuestro art\u00edculo sobre las fotos SOFT y como subirlas paso a paso.<\/a><\/p>\n<p style=\"text-align: left;\"><em>Tener im\u00e1genes en la galer\u00eda marcada como SFW en tu perfil es una gran ventaja para l@s modelos ya que de esta forma tu perfil podr\u00e1 ser mostrado en algunos pa\u00edses que bloquean por defecto el contenido adulto a gran parte de los usuarios (Reino Unido, Alemania, Francia&#8230;)<\/em><\/p>\n<h2><strong><a href=\"https:\/\/es.cam4.com\/blog\/cam4sfw-las-fotos-mas-sensuales-de-cam4\/\"><em><span style=\"color: #ff00ff;\">Mira aqu\u00ed las fotos ganadoras del anterior concurso SFW!<\/span><\/em><\/a><\/strong><\/h2>\n<p><a href=\"https:\/\/es.cam4.com\/blog\/cam4sfw-las-fotos-mas-sensuales-de-cam4\/\"><img loading=\"lazy\" class=\"aligncenter size-full wp-image-43208\" src=\"https:\/\/performers.cam4.com\/wp-content\/uploads\/l4dy_hot.jpg\" alt=\"\" width=\"1200\" height=\"800\" \/><\/a><\/p>\n<h2><span style=\"color: #ff00ff;\"><strong>Reglas<\/strong><\/span><\/h2>\n<ul>\n<li><strong>Solo se considerar\u00e1n v\u00e1lidas las nuevas fotos soft cargadas en la fecha de cada dia para poder ganar el premio diario (se publicar\u00e1 al dia siguiente).<br \/>\n<\/strong><\/li>\n<li>Concurso solo v\u00e1lido para modelos con bandera de ESPA\u00d1A o paises de AM\u00c9RICA LATINA (paises de habla hispana) &#8211; Si la bandera de tu perfil es otra, mira las instrucciones en la secci\u00f3n Concursos del \u00e1rea de entrenamiento del idioma de tu pais de bandera cam4.com\/training<\/li>\n<li>Est\u00e1n permitidas las im\u00e1genes sexy, pero SIN genitales ni escenas de SEXO<\/li>\n<li><strong>La foto deber\u00e1 cargarse en el perfil CAM4 y ser compartida en Twitter con la etiqueta #Cam4SFW o enviada por email a cam4_esp@cam4.com<br \/>\n<\/strong><\/li>\n<li>Solo ser\u00e1n v\u00e1lidas las fotos en las que aparezca el\/la modelo que participa.<\/li>\n<li>El premio diario podr\u00e1 ganarse solo una vez por modelo, y permitir\u00e1 acceder al premio final.<em><br \/>\n<\/em><\/li>\n<li>El premio final se elegir\u00e1 por regi\u00f3n en base al pa\u00eds indicado en el perfil del\/la modelo (bandera)<\/li>\n<li>Podr\u00e1n participar solo modelos con cuenta verificada.<\/li>\n<\/ul>\n","protected":false},"excerpt":{"rendered":"<p style=\"text-align: center;\">\n<p style=\"text-align: center;\">&#8211; Concurso finalizado &#8211;<\/p>\n<p style=\"text-align: center;\"><a href=\"https:\/\/es.cam4.com\/blog\/cam4sfw-las-fotos-mas-sensuales-de-ls-modelos-cam4\/\">Mira aqu\u00ed la galer\u00eda de fotos ganadoras<\/a><\/p>\n<p style=\"text-align: center;\"><strong>FOTO GANADORA:<\/strong><\/p>\n","protected":false},"author":1,"featured_media":0,"parent":0,"menu_order":0,"comment_status":"closed","ping_status":"closed","template":"","meta":[],"_links":{"self":[{"href":"https:\/\/es.cam4.com\/blog\/wp-json\/wp\/v2\/pages\/21914"}],"collection":[{"href":"https:\/\/es.cam4.com\/blog\/wp-json\/wp\/v2\/pages"}],"about":[{"href":"https:\/\/es.cam4.com\/blog\/wp-json\/wp\/v2\/types\/page"}],"author":[{"embeddable":true,"href":"https:\/\/es.cam4.com\/blog\/wp-json\/wp\/v2\/users\/1"}],"replies":[{"embeddable":true,"href":"https:\/\/es.cam4.com\/blog\/wp-json\/wp\/v2\/comments?post=21914"}],"version-history":[{"count":0,"href":"https:\/\/es.cam4.com\/blog\/wp-json\/wp\/v2\/pages\/21914\/revisions"}],"wp:attachment":[{"href":"https:\/\/es.cam4.com\/blog\/wp-json\/wp\/v2\/media?parent=21914"}],"curies":[{"name":"wp","href":"https:\/\/api.w.org\/{rel}","templated":true}]}}