{"id":2468,"date":"2012-10-28T20:39:51","date_gmt":"2012-10-28T20:39:51","guid":{"rendered":"https:\/\/es.blogs.cam4.com\/?page_id=2468"},"modified":"2012-10-28T20:55:05","modified_gmt":"2012-10-28T20:55:05","slug":"videos-cam4","status":"publish","type":"page","link":"https:\/\/es.cam4.com\/blog\/videos-cam4\/","title":{"rendered":"V\u00eddeos Cam4"},"content":{"rendered":"<h1>Todos los v\u00eddeos de Cam4 de los usuarios y del canal youtube oficial de la m\u00e1s grande comunidad amateur sexy webcam y v\u00eddeo-chat gratis online<\/h1>\n<p>[tubepress]<\/p>\n","protected":false},"excerpt":{"rendered":"<p>Todos los v\u00eddeos de Cam4 de los usuarios y del canal youtube oficial de la m\u00e1s grande comunidad amateur sexy webcam y v\u00eddeo-chat<\/p>\n","protected":false},"author":4,"featured_media":2469,"parent":0,"menu_order":0,"comment_status":"open","ping_status":"open","template":"page-full.php","meta":[],"_links":{"self":[{"href":"https:\/\/es.cam4.com\/blog\/wp-json\/wp\/v2\/pages\/2468"}],"collection":[{"href":"https:\/\/es.cam4.com\/blog\/wp-json\/wp\/v2\/pages"}],"about":[{"href":"https:\/\/es.cam4.com\/blog\/wp-json\/wp\/v2\/types\/page"}],"author":[{"embeddable":true,"href":"https:\/\/es.cam4.com\/blog\/wp-json\/wp\/v2\/users\/4"}],"replies":[{"embeddable":true,"href":"https:\/\/es.cam4.com\/blog\/wp-json\/wp\/v2\/comments?post=2468"}],"version-history":[{"count":0,"href":"https:\/\/es.cam4.com\/blog\/wp-json\/wp\/v2\/pages\/2468\/revisions"}],"wp:featuredmedia":[{"embeddable":true,"href":"https:\/\/es.cam4.com\/blog\/wp-json\/wp\/v2\/media\/2469"}],"wp:attachment":[{"href":"https:\/\/es.cam4.com\/blog\/wp-json\/wp\/v2\/media?parent=2468"}],"curies":[{"name":"wp","href":"https:\/\/api.w.org\/{rel}","templated":true}]}}