{"id":32609,"date":"2025-12-02T17:20:37","date_gmt":"2025-12-02T17:20:37","guid":{"rendered":"https:\/\/es.cam4.com\/blog\/?page_id=32609"},"modified":"2025-12-02T17:23:29","modified_gmt":"2025-12-02T17:23:29","slug":"cero-iva-para-los-usuarios-mas-ingresos-para-las-modelos-cam4","status":"publish","type":"page","link":"https:\/\/es.cam4.com\/blog\/cero-iva-para-los-usuarios-mas-ingresos-para-las-modelos-cam4\/","title":{"rendered":"\u2728 CERO IVA para los usuarios \ud83d\udd25 \u00a1M\u00e1s ingresos para las modelos CAM4!\u200b"},"content":{"rendered":"\n<div class=\"wp-block-image\"><figure class=\"aligncenter size-full\"><a href=\"https:\/\/es.cam4.com\/blog\/wp-content\/blogs.dir\/4\/files\/2025\/12\/Copy-of-BroadcastersViewers_Blog_After-BF.jpg\"><img loading=\"lazy\" width=\"635\" height=\"315\" src=\"https:\/\/es.cam4.com\/blog\/wp-content\/blogs.dir\/4\/files\/2025\/12\/Copy-of-BroadcastersViewers_Blog_After-BF.jpg\" alt=\"\" class=\"wp-image-32610\" srcset=\"https:\/\/es.cam4.com\/blog\/wp-content\/blogs.dir\/4\/files\/2025\/12\/Copy-of-BroadcastersViewers_Blog_After-BF.jpg 635w, https:\/\/es.cam4.com\/blog\/wp-content\/blogs.dir\/4\/files\/2025\/12\/Copy-of-BroadcastersViewers_Blog_After-BF-300x149.jpg 300w\" sizes=\"(max-width: 635px) 100vw, 635px\" \/><\/a><\/figure><\/div>\n\n\n\n<p class=\"has-text-align-left\"><strong>A partir de ahora, CAM4 se har\u00e1 cargo del IVA a\u00f1adido a las compras realizadas por los espectadores europeos!<\/strong> Una gran noticia para nuestros usuarios de Espa\u00f1a, a los cuales ya no se les aplicar\u00e1 un IVA a\u00f1adido del 21% respecto al precio de <strong>Shows Privados, Videos y Fanclub.<\/strong> <\/p>\n\n\n\n<p class=\"has-text-align-left\"><strong> \ud83d\udcb8<\/strong> <strong>\u00bfQu\u00e9 significa esto para l@s modelos CAM4?<\/strong> <br>Ahora todo ser\u00e1 m\u00e1s sencillo y transparente:<\/p>\n\n\n\n<ul><li>&#8211; El <strong>precio que estableces <\/strong>para los privados, fotos, videos y FanClub es el <span class=\"positive-color\"><strong>precio final que paga el usuario<\/strong><\/span>.<\/li><\/ul>\n\n\n\n<ul><li>&#8211;  El 21% de fichas, que antes se iba a pagar el impuesto IVA, <strong>ahora podr\u00e1 ir a tu cartera!<\/strong><\/li><\/ul>\n\n\n\n<ul><li>&#8211; <strong>Mayor margen para ti<\/strong>, porque tus fans podr\u00e1n gastar m\u00e1s en ti, pagando la misma cifra.<\/li><\/ul>\n\n\n\n<ul><li>&#8211; Una experiencia m\u00e1s<strong> clara, directa y user-friendly<\/strong> para todos.<\/li><\/ul>\n\n\n\n<p><\/p>\n\n\n\n<p class=\"has-text-align-left\"><br>\u200b<strong><strong>\ud83d\udd25<\/strong><\/strong> <strong>\u00bfQu\u00e9 cambia en cuanto a los Shows Privados CAM4?<\/strong><br>El precio que elijas para tus privados ser\u00e1 el importe en fichas que pagar\u00e1n tus espectadores. Por ejemplo, si estableces un precio de 10 fichas por minuto, el usuario pagar\u00e1 solo 10 fichas por minuto, sin ning\u00fan coste final a\u00f1adido inesperado.<br><br>El IVA a\u00f1adido del 21% ser\u00e1 pagado por CAM4, para que tus <strong>privados sean m\u00e1s accesibles (o irresistibles) para m\u00e1s usuarios!<\/strong><\/p>\n\n\n\n<p class=\"has-text-align-left\">Transmite en CAM4 y comparte la noticia con tus fans. <em>\u00bfA qu\u00e9 esperas para hacer m\u00e1s shows privados&#8230; y a\u00fan m\u00e1s largos?!<\/em> \ud83e\udde1<\/p>\n\n\n\n<p><\/p>\n\n\n\n<h3>Esta novedad se aplica a todas las compras de usuarios de:<\/h3>\n\n\n\n<p>&#8211; <strong>Shows Privados<\/strong><\/p>\n\n\n\n<p>&#8211; <strong>Shows esp\u00edas<\/strong><\/p>\n\n\n\n<p>&#8211; <strong>Fotos y videos<\/strong><\/p>\n\n\n\n<p><strong>&#8211; Inscripciones a Fan Club<\/strong><\/p>\n\n\n\n<p><strong>&#8211; Shows de Grupo<\/strong><\/p>\n\n\n\n<p><strong>&#8211; Boost<\/strong> (destacar)<\/p>\n\n\n\n<p>\ud83d\udc49 <strong>\u00a1Menor coste para el usuario, m\u00e1s ganancias para ti!<\/strong><\/p>\n\n\n\n<p><\/p>\n\n\n\n<h3 class=\"has-text-align-center has-luminous-vivid-amber-color has-black-background-color has-text-color has-background\">\u00a1Haz despegar tus ingresos un 21% m\u00e1s<strong>!<\/strong><\/h3>\n\n\n\n<hr class=\"wp-block-separator\"\/>\n\n\n\n<p><\/p>\n\n\n\n<h2>\ud83d\udc96 \u00bfPor qu\u00e9 hacemos esto?<\/h2>\n\n\n\n<p>Por que <strong>escuchamos a nuestra comunidad<\/strong>.<\/p>\n\n\n\n<p>Muchos usuarios nos han pedido buscar la forma de poder <strong>acceder a m\u00e1s contenido<\/strong>, y quer\u00edamos responder con una acci\u00f3n concreta:<\/p>\n\n\n\n<ul><li>&#8211; <span class=\"zero-vat-color\"><strong>Bajando el coste para el usuario<\/strong><\/span>, sin afectar a las ganancias para l@s modelos.<\/li><li>&#8211; <strong>Apoyando a nuestr@s creadores de contenido<\/strong>, facilitando el apoyo de sus fans.<\/li><\/ul>\n\n\n\n<p>Para nosotros supone <strong>una gran inversi\u00f3n<\/strong>, pero creemos que el valor tanto para modelos como usuarios es fundamental para continuar la misi\u00f3n de <strong>CAM4<\/strong>.<\/p>\n\n\n\n<p>Nos convertimos as\u00ed en la primera p\u00e1gina que opera en la UE en eliminar el coste del IVA para los usuarios. <\/p>\n\n\n\n<p><br>Haremos todo lo posible por mantener esta pol\u00edtica el mayor tiempo posible.<\/p>\n\n\n\n<p><strong>Bienvenido\/a a un CAM4 a\u00fan m\u00e1s accesible, transparente y <br><strong>conveniente<\/strong>. \u00a1Divi\u00e9rtete<strong>! \ud83d\udca6\ud83d\udd25<\/strong><\/strong><\/p>\n\n\n\n<p><\/p>\n\n\n\n<hr class=\"wp-block-separator\"\/>\n\n\n\n<p><\/p>\n\n\n\n<h2>\u2753 Mini FAQ<\/h2>\n\n\n\n<p><strong>\u00bfLa eliminaci\u00f3n del IVA se aplica solo a los shows privados?<br><\/strong> No; se aplica tambi\u00e9n a fan club, fotos\/videosy y publicaciones de tu muro.<\/p>\n\n\n\n<p><strong>\u00bfCambiar\u00e1 el precio que establezco como modelo?<br><\/strong> No. El precio que establezcas ser\u00e1 el que paguen los usuarios.<\/p>\n\n\n\n<p>\u00bf<strong>La eliminaci\u00f3n del IVA se aplica a todo el mundo?<br><\/strong> Se aplica a todos los usuarios residentes en pa\u00edses de la Uni\u00f3n Europea donde se aplica el IVA.<\/p>\n\n\n\n<p><strong>\u00bfAumentar\u00e1n las ganancias como modelo?<br><\/strong>Los espectadores van a pagar menos, por lo que podr\u00e1n gastar m\u00e1s en ti. Resultado: <strong>m\u00e1s ingresos potenciales para l@s modelos.<\/strong><\/p>\n","protected":false},"excerpt":{"rendered":"<p><a href=\"https:\/\/es.cam4.com\/blog\/wp-content\/blogs.dir\/4\/files\/2025\/12\/Copy-of-BroadcastersViewers_Blog_After-BF.jpg\"><\/a> <\/p>\n<p class=\"has-text-align-left\"><strong>A partir de ahora, CAM4 se har\u00e1 cargo del IVA a\u00f1adido a las compras realizadas por los espectadores europeos!<\/strong> Una<\/p>\n","protected":false},"author":1,"featured_media":0,"parent":0,"menu_order":0,"comment_status":"closed","ping_status":"closed","template":"","meta":[],"_links":{"self":[{"href":"https:\/\/es.cam4.com\/blog\/wp-json\/wp\/v2\/pages\/32609"}],"collection":[{"href":"https:\/\/es.cam4.com\/blog\/wp-json\/wp\/v2\/pages"}],"about":[{"href":"https:\/\/es.cam4.com\/blog\/wp-json\/wp\/v2\/types\/page"}],"author":[{"embeddable":true,"href":"https:\/\/es.cam4.com\/blog\/wp-json\/wp\/v2\/users\/1"}],"replies":[{"embeddable":true,"href":"https:\/\/es.cam4.com\/blog\/wp-json\/wp\/v2\/comments?post=32609"}],"version-history":[{"count":1,"href":"https:\/\/es.cam4.com\/blog\/wp-json\/wp\/v2\/pages\/32609\/revisions"}],"predecessor-version":[{"id":32611,"href":"https:\/\/es.cam4.com\/blog\/wp-json\/wp\/v2\/pages\/32609\/revisions\/32611"}],"wp:attachment":[{"href":"https:\/\/es.cam4.com\/blog\/wp-json\/wp\/v2\/media?parent=32609"}],"curies":[{"name":"wp","href":"https:\/\/api.w.org\/{rel}","templated":true}]}}